w(1).
8
Suppose 2*a + 22 = 4*o, 5*a - 9*o + 4*o + 60 = 0. Let u(p) = p**2 + 14*p + 4. Determine u(a).
-9
Let g(j) be the second derivative of 7*j**3/3 - 117*j**2/2 - j - 1. Let y be g(9). Let f(i) = i**3 - 10*i**2 + 7*i + 12. Calculate f(y).
-6
Let l(a) = -2*a - 45. Let x(r) = 9*r + 193. Let t(b) = 17*l(b) + 4*x(b). What is t(-3)?
1
Let i = -2948 + 2943. Let m(h) = 2*h**3 + 11*h**2 + 5*h + 1. What is m(i)?
1
Let a(b) = -b**3 - b**2 - 21. Let t(r) = -1001*r + 2002. Let n be t(2). What is a(n)?
-21
Suppose 2*f - 4*k = 24, k + 5 = 5*f - 37. Suppose f = -c + 12. Let v(q) be the second derivative of q**3/2 - 3*q**2 - q. Give v(c).
6
Let y(c) = -c**3 + 26*c + 7. Let u = -259 + 254. Give y(u).
2
Suppose 2*i - 495 = -5*t + 7*i, 0 = -5*t + 2*i + 504. Let y = t + -98. Suppose 0 = -y*h + 12, -p - p = 3*h - 17. Let g(w) = 3*w. Give g(p).
12
Suppose -5*q + 4*j = -14, 2*q = -5*j + 40 - 41. Let i(b) = -5*b**2 - 6*b + 12. Determine i(q).
-20
Let d(i) = -i**2 + 3*i. Let y(v) = v**2 - 28*v + 20. Let w(r) = -2*d(r) - y(r). Give w(-23).
3
Let b(y) = y**3 - 8*y**2 - 6*y - 9. Suppose 3*c - m + 1 = -0*m, m = 1. Suppose c = -2*x - x - 48. Let s(n) = -4*n - 55. Let p be s(x). Give b(p).
18
Let a(w) = -4 + 12 + w - 9*w + 16 + 7 - w**2. What is a(-10)?
11
Let a(w) = w**2 - 25*w - 36. Let t(k) = -384*k + 26. Let l be t(0). What is a(l)?
-10
Let o(t) = 4*t**2 + 13 - 21*t + 5*t**2 - 11*t**2 + 10*t**2 - 9*t**2. What is o(-20)?
33
Let w(j) be the third derivative of -j**7/1260 - j**6/240 + 7*j**5/6 + 84*j**2 - 1. Let g(y) be the third derivative of w(y). Determine g(-2).
5
Let s(p) = 3*p**2 + 23*p + 7. Let w = -4066 - -4059. Determine s(w).
-7
Let z(j) = -3*j**3 + 2*j**2 - 2*j + 1. Let r be (-2 + 4/3)*12. Let m(v) = -v**3 - 9*v**2 - 9*v + 7. Let q be m(r). Suppose 0 = q*o - 0*o - 15. Give z(o).
-2
Let x be 2/4*(0 - -4). Let b(o) = -5*o + 746. Let w be b(-41). Let g(j) = 5*j + 7 + 0*j - 950*j**x + w*j**2. Determine g(-6).
13
Let d(s) = -14*s + 9*s - 22*s. Suppose 5*x + 6 = 21, -2*q + 3*x + 5 = 0. Let u be (4/12)/(q/(-21)). Give d(u).
27
Suppose 24*l - l = -10*l - 33. Let v(o) = -2*o + 6*o + 4*o**3 + 2*o**3 - 6 + 8 + 2*o**2. Determine v(l).
-6
Let s = -46 + 49. Suppose -5*f = 2*j - 17, -4*f = 2*j - s*j - 11. Let t(d) = f*d - 2*d + 41 - 40. Determine t(1).
2
Let q(d) = 18*d + 28626 + 0*d**2 + d**2 - 28577. What is q(-3)?
4
Let m(y) = -4*y - 1. Suppose 2*d = n + 6 - 2, -n = -5*d + 10. Let c(p) = -p - 2. Let a(w) = d*m(w) - 3*c(w). Give a(-3).
19
Let i(h) = h + 14. Let d(c) = 110*c - 901. Let f be d(8). What is i(f)?
-7
Let t = -4 - -6. Let c = t + -2. Let q(f) = 109*f + 186*f**2 + 10 + 182*f**2 - 369*f**2 - f**3 - 110*f. What is q(c)?
10
Let w(k) = -6*k - 13. Let h be w(-2). Let c(v) = -v**3 + v**2 - v - 1. Let d(p) = 2*p**3 - 2*p**2 + 1. Let l(u) = h*d(u) - c(u). Determine l(-2).
10
Let l(k) = -k**2 + 8. Let v(o) = -20*o + 110. Let t(d) = -9*d + 54. Let h(c) = -7*t(c) + 4*v(c). Let m be h(4). Calculate l(m).
-28
Let f = -122 + 105. Let a be (-9)/27*(2 + f). Let v(b) = -4 + 432*b**3 + 8*b + 4*b**2 + 434*b**3 - 867*b**3. Give v(a).
11
Let d(m) be the second derivative of 0*m**4 - m + 22 + 1/20*m**5 - 1/2*m**2 - 1/3*m**3. Give d(-2).
-5
Let o(k) be the third derivative of k**6/8 + k**3/6 + k**2. Suppose 4*j + 5*c + 2574 = -4227, -j - 2*c = 1698. Let z be j/240 + 2/20 + 6. Determine o(z).
-14
Let f(d) = -3*d - 7. Let a(m) = -m**2 + 7*m + 1. Let r be a(5). Suppose -2*c - r = -2*y - 3*c, 2*y + 5*c + 1 = 0. Suppose -11 = 3*k + y. Give f(k).
11
Let b(n) = n**3 + 13*n**2 + n + 16. Let l be 779/(-246) + 2/12. Let m be 2 - l - (18 + 0). Give b(m).
3
Let m = 5273 - 5269. Let w(p) = p**2 + 5*p - 1. Let f be w(-5). Let t(a) = -a**2. Let g(v) = 5*v**2 + v + 4. Let n(l) = f*g(l) - 6*t(l). Give n(m).
8
Let h be 11 + -8 + -5 - (1 + 3). Let r(g) = 82*g + 505. Give r(h).
13
Let r(n) = 2*n - 7. Suppose 0*a - 3*a = -15. Let x(w) be the second derivative of -w**3/2 + 5*w**2 - 95*w. Let j(d) = a*x(d) + 7*r(d). What is j(6)?
-5
Let h(w) = 2*w**2 - 27*w + 4. Let z be h(0). Let c(o) = o**3 - 5*o**2 + 39*o - 125. Determine c(z).
15
Let p(a) = 11*a**2 + a - 3. Let w(n) = 5 - 21 + 32*n**2 - 3*n + 7*n + 27*n**2. Let o(m) = 11*p(m) - 2*w(m). Determine o(-2).
5
Let d be 2*((-3)/(-2))/(-3). Let c(z) be the second derivative of 0 - 1/6*z**3 - 1/2*z**4 + 64*z + 0*z**2. Calculate c(d).
-5
Let v(x) be the third derivative of x**7/560 + x**6/720 + x**5/30 - 3*x**2. Let r(s) be the third derivative of v(s). Let o = 221 - 220. Calculate r(o).
10
Let c(h) = -2*h + 6. Suppose -110 = -16*l + 6*l. Suppose 5 - l = -2*d. Determine c(d).
0
Let r(s) = 4*s**2 - 1. Let o(h) = -h**3 - 15*h**2 - 5*h - 5. Let p(z) = -o(z) - 6*r(z). Determine p(8).
-13
Let k(q) be the second derivative of q**5/60 - q**4/24 - q**3/3 + 99*q**2/2 - 85*q. Let a(f) be the first derivative of k(f). Suppose 4*b = 6 + 2. What is a(b)?
0
Let z(i) be the second derivative of i**4/12 + i**3/6 - i**2 - 15*i. Suppose 0 = 3*g - 3*a + 18, 0 = a - 1 + 3. Let l be 28/7 - (g/2)/(-1). Give z(l).
-2
Let q be (-1)/(-2)*(-13 + -27 - -42). Let i(v) = -13*v - 1. Determine i(q).
-14
Suppose 237*f - 735 = 286*f. Let n(t) = t**2 + 23*t + 117. Give n(f).
-3
Let m(y) be the third derivative of y**5/30 - 3*y**4/4 - y**3/6 - 10*y**2 + 21. Calculate m(8).
-17
Let c(p) be the third derivative of p**6/60 + p**3/3 + 50*p**2 - p - 2. Calculate c(-1).
0
Suppose 10*t - 2 = 18. Suppose 0 = t*h - 4*f + 5*f - 113, 5*h + 2*f - 282 = 0. Let c be ((-1)/(-2) - h/16) + 3. Let g(o) = o + 5. What is g(c)?
5
Let g(n) = 2*n + 1 + 8*n + 2 + n**2 - 1. Let w be g(-10). Let d be (-1)/((w/12)/((-4)/12)). Let j(f) = -f + 2. Determine j(d).
0
Let c(k) = -2*k - 33*k**2 + 73*k**2 + 8*k - 20 + 6*k - 39*k**2. What is c(-14)?
8
Let h(u) = -u**3 - 10*u**2 - 10*u - 9. Let a be h(-9). Suppose 0 = -4*j - 13*v + 9*v + 24, 5*j = 2*v + 51. Let l(b) = -19 + j + b - b**2 - 11. What is l(a)?
-21
Let l(y) be the second derivative of 0 + 11/12*y**4 - 17*y + 1/24*y**5 + 0*y**2 + 0*y**3 + 1/720*y**6. Let w(b) be the third derivative of l(b). What is w(-4)?
1
Let y(d) = -61*d**3 + 34*d**2 + 6*d - 32. Let h(r) = -20*r**3 + 13*r**2 + 2*r - 12. Let u(c) = 8*h(c) - 3*y(c). Give u(1).
23
Suppose 5*j + 5*q + 110 = -40, -24*q + 382 = -5*j. Let f(z) = 20*z + 760. Calculate f(j).
0
Let p(k) = k - 22. Let r be 159*(-7)/84*4. Let v = 53 + r. Calculate p(v).
-22
Let j be 6/9*(5 - (-68)/8). Let p(f) = -11*f - 80*f**2 + j*f - 14 + 70*f**2 - f**3. What is p(-10)?
6
Let c(l) = -4*l + l + 4*l. Let a = 1996 + -2006. What is c(a)?
-10
Let z(w) be the second derivative of 1/12*w**4 + 1 + 9/2*w**2 + 58*w - 5/6*w**3. Give z(5).
9
Let j(r) be the first derivative of 3*r**4/4 + r**2 + 18. Let l(y) = -2*y**3 - y. Suppose 23*i = 26*i + 15. Let k(g) = i*j(g) - 8*l(g). Calculate k(-2).
-4
Suppose -t = 199 + 5. Let p = t - -124. Let v be (6/4 - 2)/((-8)/p). Let c(u) = -u**3 - 6*u**2 - 6*u + 4. Determine c(v).
9
Let v(j) be the first derivative of 114 + 7/3*j**3 - 1/2*j**2 + 1/4*j**4 - j. What is v(-7)?
6
Let g(f) be the third derivative of f**4/24 - 37*f**3/6 + f**2 + 2925*f. Calculate g(6).
-31
Let f(p) = p + 1. Let l be f(-7). Let b(g) = -g**3 - 7*g**2 - 7*g - 6. Let n be b(l). Let s(q) = -23 + 0*q - q + 82 - 24 - 21. Determine s(n).
14
Let j(k) = 67*k**3 - k**2 + k + 1. Suppose 3 - 24 = 54*n + 33. What is j(n)?
-68
Let d(m) = -86*m - 95. Let u be d(-4). Suppose 30*z + u = 39. Let t(n) = n + 13. What is t(z)?
6
Let m be ((-1012)/138)/((-2)/162). Let d = 601 - m. Let f(s) = s**2 - 12*s + 5. Let r(g) = -g**2 + 13*g - 4. Let c(o) = -5*f(o) - 4*r(o). Give c(d).
-2
Let l = 485 - 451. Let b(p) = l*p + 5 - 7 - 31*p. Calculate b(-7).
-23
Let c(y) = -y**2 - 5*y + 57. Let l be c(-10). Let a(x) = l*x**3 + 1 + x + x - 13*x**3 + 7*x**3 - 3*x**2. Determine a(2).
1
Let h(n) = n**3 + 9*n**2 + 8*n + 5. Let o be h(-8). Let c(t) = -4*t**2 - o*t + 3*t**3 + 18 - 19 - 2*t**3. Suppose 0 = 2*b - 9 - 1. What is c(b)?
-1
Let m be -4 - -11*(-10 - -9). Let s(i) = 5*i**2 + 76*i + 4. Determine s(m).
-11
Let d(c) = c**2 + 9*c + 11. Let x be (2 + (-54)/12)*-2. Let k(v) be the first derivative of -v**4/4 + v**3 + 4*v**2 + v - 2. Let n be k(x). Determine d(n).
11
Let x(h) = -7*h. Let i(r) = r**3 - 9*r**2 - 19*r - 19. Let k be i(11). Let v be (2 - 60/35) + 52/k. Suppose -2*t = -3